99712304 and 2772?
396
What is the greatest common divisor of 212782591 and 357?
119
Calculate the greatest common divisor of 33308550 and 825.
825
Calculate the highest common factor of 1490047 and 19825.
793
What is the greatest common factor of 9490 and 2729470?
730
Calculate the highest common divisor of 1546 and 21790097.
773
Calculate the greatest common factor of 11992312 and 522.
58
Calculate the highest common divisor of 35608 and 16160.
8
Calculate the highest common divisor of 111 and 37086506.
37
Calculate the highest common factor of 1011921 and 861.
123
Calculate the highest common divisor of 16947 and 1880613.
63
What is the highest common divisor of 331087 and 1079?
83
What is the greatest common factor of 358 and 19135995?
179
What is the highest common factor of 5117983 and 598?
299
What is the greatest common divisor of 431019 and 7968?
249
Calculate the greatest common divisor of 22813290 and 90.
90
What is the greatest common factor of 136 and 3180696?
8
Calculate the highest common factor of 15657560 and 985.
985
What is the greatest common divisor of 889 and 26575766?
889
Calculate the greatest common factor of 1710 and 36908070.
570
Calculate the greatest common divisor of 79688 and 30775221.
1423
What is the highest common factor of 24260745 and 437?
23
Calculate the greatest common factor of 86071346 and 274.
274
What is the greatest common divisor of 91273 and 89678407?
5369
Calculate the greatest common factor of 716378 and 2714.
118
What is the greatest common divisor of 13548370 and 3146?
242
What is the highest common factor of 45 and 125441955?
45
Calculate the highest common factor of 1606354 and 87002.
2122
What is the highest common factor of 978 and 96306594?
978
Calculate the greatest common divisor of 5151 and 358496.
17
What is the highest common divisor of 240112430 and 43?
43
What is the highest common factor of 223990837 and 51905?
10381
What is the greatest common divisor of 17 and 221143?
1
What is the greatest common divisor of 2098109 and 221?
13
What is the highest common factor of 1639320 and 125400?
2280
Calculate the highest common divisor of 36 and 1825205652.
36
What is the greatest common factor of 283 and 164074344?
283
Calculate the highest common divisor of 812 and 5144716.
116
What is the greatest common divisor of 174488 and 2176?
136
Calculate the highest common divisor of 38140136 and 5352.
1784
Calculate the greatest common factor of 1446 and 704474571.
723
Calculate the greatest common factor of 4054420 and 2628.
292
What is the highest common divisor of 1300688 and 12080?
16
Calculate the highest common factor of 121123094 and 758.
758
What is the greatest common divisor of 132822 and 5171598?
846
What is the greatest common divisor of 96867 and 669609?
423
What is the highest common factor of 9588 and 1552410?
282
What is the greatest common divisor of 19 and 46114615?
19
What is the highest common divisor of 2514187 and 481?
481
Calculate the highest common factor of 73088 and 48.
16
Calculate the greatest common divisor of 1046798 and 2653.
379
Calculate the greatest common divisor of 2881892 and 169.
13
What is the greatest common factor of 37048374 and 5335?
1067
What is the highest common divisor of 2958030 and 24150?
690
Calculate the highest common factor of 19684 and 4965548.
1036
Calculate the greatest common factor of 6016 and 45706560.
3008
Calculate the highest common divisor of 34486572 and 53903.
2837
Calculate the highest common divisor of 63 and 8661891.
21
Calculate the greatest common divisor of 16064 and 27712.
64
Calculate the greatest common factor of 26045209 and 123.
41
What is the highest common factor of 2381750 and 2000?
250
What is the greatest common divisor of 19984510 and 13?
13
What is the highest common factor of 13081 and 1968845?
103
Calculate the highest common divisor of 5397 and 2042379.
771
Calculate the highest common factor of 112852 and 572626.
178
What is the highest common divisor of 69256 and 1760?
88
What is the highest common factor of 1661 and 359095?
11
What is the greatest common divisor of 625996 and 252?
28
What is the highest common divisor of 7638165 and 86130?
3915
Calculate the highest common factor of 81535 and 8077637.
709
Calculate the highest common factor of 323765643 and 7011.
2337
Calculate the greatest common factor of 1057349 and 74222.
629
Calculate the highest common divisor of 837 and 1258557561.
837
What is the highest common factor of 955 and 384635?
5
Calculate the greatest common factor of 101873520 and 210.
210
What is the greatest common factor of 393017328 and 4?
4
What is the highest common factor of 159939 and 18486?
117
What is the highest common divisor of 15416372 and 26980?
5396
What is the highest common divisor of 4174542 and 468?
18
What is the greatest common factor of 49605 and 289245?
15
Calculate the highest common divisor of 19929187 and 279.
31
Calculate the highest common factor of 2206160 and 122705.
1265
What is the greatest common divisor of 2436 and 11290860?
2436
What is the greatest common divisor of 225368 and 49296?
104
Calculate the highest common divisor of 1778 and 2154194.
14
Calculate the highest common divisor of 300838307 and 867.
289
Calculate the highest common divisor of 806 and 27770978.
62
Calculate the highest common divisor of 876362 and 4888.
94
Calculate the highest common divisor of 18819 and 1124712.
1107
What is the greatest common divisor of 79428152 and 984?
328
Calculate the highest common divisor of 2240637587 and 17.
17
Calculate the highest common divisor of 270104 and 551.
19
Calculate the highest common divisor of 1119 and 563809269.
1119
Calculate the highest common divisor of 110 and 162107.
11
Calculate the greatest common divisor of 54751905 and 90.
45
What is the highest common divisor of 9070893 and 1118?
559
What is the greatest common divisor of 6864050 and 20?
10
What is the greatest common factor of 1040 and 145129400?
520
What is the greatest common divisor of 90 and 40279670?
10
Calculate the highest common divisor of 337027 and 1007.
53
Calculate the greatest common factor of 19405567 and 18203.
167
Calculate the highest common factor of 12242424 and 228.
12
What is the highest common factor of 59850625 and 2620?
655
Calculate the greatest common divisor of 368380 and 405544.
652
Calculate the highest common factor of 36810 and 666690.
30
What is the highest common factor of 63968702 and 14?
14
What is the greatest common factor of 387 and 1165515?
129
What is the greatest common factor of 747873765 and 6030?
3015
What is the greatest common divisor of 44 and 69017454?
22
What is the highest common factor of 67680 and 24439248?
6768
What is the highest common divisor of 2362 and 74850599?
1181
Calculate the highest common factor of 5676877 and 3563.
509
What is the greatest common divisor of 587178 and 666?
18
What is the highest common divisor of 15806039 and 17?
17
What is the highest common divisor of 9654734 and 76090?
2174
Calculate the greatest common divisor of 47 and 34397561.
47
Calculate the highest common divisor of 1264 and 126782.
2
What is the greatest common factor of 15090668 and 207644?
5612
What is the greatest common divisor of 40 and 842360?
40
What is the greatest common divisor of 405 and 5218506?
81
What is the greatest common factor of 2364176 and 304?
16
What is the greatest common divisor of 158175680 and 41360?
3760
Calculate the greatest common divisor of 3559204 and 8096.
1012
What is the greatest common divisor of 9781398 and 1296?
162
Calculate the greatest common factor of 6943753 and 148.
37
What is the greatest common factor of 3234 and 40672401?
1617
What is the greatest common factor of 154360 and 1062330?
170
Calculate the highest common factor of 194061986 and 778.
778
Calculate the highest common factor of 5124 and 268034.
122
Calculate the greatest common factor of 2 and 13109978.
2
Calculate the highest common divisor of 19416990 and 8392.
2098
What is the greatest common divisor of 3772 and 37853906?
1886
Calculate the highest common factor of 7888528 and 4448.
2224
Calculate the highest common factor of 8585 and 1964860.
85
Calculate the greatest common factor of 122 and 32461699.
61
Calculate the 